et q(o) = 2*o**3 - 9*o - 10. Let u(z) be the second derivative of 5*z**3/6 - 3*z**2/2 + 17*z. Let l be u(2). Is q(l) prime?
True
Let m(u) = -102*u + 213. Let t be m(-22). Let i = 4404 + t. Is i a prime number?
False
Let n(x) = -143*x + 246. Let v be n(3). Suppose 0 = 3*h - 5*i - 1287, 5*h = 3*i + 2*i + 2155. Let y = h + v. Is y composite?
False
Let q(n) be the second derivative of n**4/12 + 2*n**3 - 11*n**2 - 11*n. Let c be q(-14). Let f(s) = 7*s**3 + s**2 + 15*s - 1. Is f(c) prime?
True
Let t(n) = n**2 + 9*n + 82. Let l be 95*(48/(-30))/(-8). Is t(l) prime?
False
Is (-1 - 11) + 0 - (-362852 - -183) a prime number?
True
Let j(k) be the second derivative of 199*k**4/12 - 2*k**3/3 + 5*k**2/2 - 7*k. Let r be 18/(-45) + (-18)/5. Is j(r) prime?
False
Suppose 0 = 3*w - 5*s - 431871, -4*s = -3*w - 174835 + 606700. Is w composite?
False
Let x = 59 - 47. Suppose 5 = x*y + 17. Let n(q) = 184*q**2 + 2*q + 3. Is n(y) composite?
True
Let y be (-51)/34*(-3)/(9/10). Suppose 2*w - 6444 + 584 = y*f, 3*w = -2*f + 8809. Suppose 7*u = 12*u - w. Is u composite?
False
Let w(y) be the second derivative of y**3/2 + 1759*y**2/2 - 4*y. Suppose -48*i = -6*i. Is w(i) a composite number?
False
Let c = 227 + -225. Suppose 3*y + 5*n = 1637, -c*n - 2790 = -5*y + 2*n. Is y prime?
False
Let k be (-1)/(-10) + (-29)/(-10). Suppose -12*d = k*d - 21975. Is d a composite number?
True
Let m(b) = 62*b**2 - 2*b - 12. Let d be m(-4). Suppose -69*l + 71*l = d. Let r = l + 2228. Is r a composite number?
True
Let c = 439 - 398. Suppose c*q - 39*q = 12226. Is q a composite number?
False
Suppose 3*h + 65 = -2*s, 0 = 5*h - 3*s - 2*s + 100. Let f = h - -24. Suppose 4*o = -4*k + 484, -f*k = -2*o - 2*o + 498. Is o a prime number?
False
Let g(r) = 0*r + 51 + r**2 + r - 44. Let d be g(0). Suppose 4*k + 204 = 4*p, -d*k + 2*k = 4*p - 222. Is p prime?
True
Let b = 257 + -254. Is b/9*(-20415)/(-5) a composite number?
False
Is 5427516/9 - (-1001)/273 prime?
False
Suppose -23*p + 21*p = -6. Suppose -25*k - p*k + 57484 = 0. Is k a composite number?
False
Let z = 242893 - 84134. Is z prime?
True
Let r = -238 + 240. Is r/(7 + -9) - (-25818)/3 a prime number?
False
Let d = -17037 - -3491. Let s = 1903 - d. Is s composite?
True
Suppose 0 = 3*x - 2699 - 577. Suppose -i + x = 3*y, y - 2*y + 5*i + 380 = 0. Is y a composite number?
True
Let y be 5*((-234)/10 - -6)/(-1). Suppose -91*n = -y*n - 16988. Is n a composite number?
True
Let j = 38928 + 145945. Is j composite?
True
Let p = 6481 + -9104. Let k = -1814 - p. Is k a composite number?
False
Suppose -4*w + 74833 = l + 2*l, -5*l = 3*w - 56144. Is w a composite number?
True
Let i = 120876 + -71289. Is i a prime number?
False
Let h be 2/(-7) - 7506/42. Let a(f) = -f**3 + 10*f**2 + 3*f - 2. Let n be a(11). Let q = n - h. Is q composite?
False
Suppose -4 + 64 = 5*f. Let g(k) = k**3 - 2*k + 1. Let c be g(-2). Is 6320/f + 2/c a composite number?
True
Suppose -4*j + 16443214 = -13*c + 14*c, 0 = -c - 6. Is j prime?
False
Suppose 0 = -5*m - 10 + 50. Suppose 2*x + 14 = -4*l - 10, 3*l + 2*x + 16 = 0. Is ((-674)/m)/(l/32) a prime number?
True
Is 209/(-55) + (-2)/10 - -186210 prime?
False
Suppose 72176 = 3*q - t, 4*q - 2*t = -8233 + 104463. Is q a prime number?
True
Suppose -380*j - 7331551 = -477*j. Is j prime?
True
Let u(i) = -776*i**3 + 47*i**2 + 357*i - 9. Is u(-7) composite?
True
Let w = -255 - -260. Suppose 4*b - i - 3658 + 802 = 0, -w*i = 2*b - 1406. Is b a composite number?
True
Let f be 6108 - (27/(-36) + (-57)/(-12)). Let z = f + -3473. Is z composite?
True
Let v = 35087 + 110360. Is v a composite number?
True
Let j = -375190 + 678719. Is j a prime number?
True
Let q(w) = -37*w - 122. Let d be q(-5). Let i = 180 - -154. Let y = d + i. Is y a composite number?
False
Suppose -15186 = -13*g + 70991. Is g composite?
True
Let f = 20 - 17. Suppose -2*b = 5*h - 4*b - 33, 5*h - f*b = 37. Suppose -4*x + h*j = -2664, -4*x - 3*j - 779 = -3475. Is x prime?
False
Let k be 140/25*5/2. Suppose 5*w - k = -p, 0 = p - 3*p - 2*w + 12. Suppose s + p*j = 358 + 213, 4*j + 2364 = 4*s. Is s a composite number?
False
Suppose 152863 = n - 2*h, 4*h = -48*n + 51*n - 458605. Is n composite?
False
Let a(h) = 1255*h**2 + 413*h + 83. Is a(16) composite?
True
Let w(g) = -2085*g - 1. Let a be w(-17). Suppose 9754 = -10*d + a. Is d prime?
False
Let y(r) = -2*r**3 - 15*r**2 + 7*r + 1. Let v be y(-8). Let x(s) = 2*s**3 - 8*s**2 - 24*s - 11. Is x(v) composite?
True
Suppose 0 = 12*n - 17*n - 3*v + 3786119, 1514422 = 2*n - 2*v. Is n composite?
True
Let q(z) = -2*z + 12. Let x be q(8). Let i(u) = 3*u**2 - 10*u - 6. Let t(b) = -8*b**2 + 30*b + 19. Let v(s) = x*t(s) - 11*i(s). Is v(-5) prime?
False
Let j(c) = -1014*c**3 - 5*c**2 + 34*c + 112. Is j(-3) a prime number?
False
Let q(i) be the second derivative of 22*i**4/3 - i**3/3 - 43*i**2/2 + 39*i. Is q(-5) composite?
True
Suppose 2*q = 3*a + 33707, -20949 - 12773 = -2*q - 2*a. Is q a prime number?
False
Suppose 0 = -4*a + 2*x + 12, 3*x = -6. Suppose 5*u + 2*w - 41327 = 0, -2*w = -a*u + 3*u - 8259. Is u composite?
True
Suppose 17*d = 18*d - 11869. Suppose 5*l = d - 4149. Suppose 2*k - 543 = -5*j + 2082, 0 = 3*j - 5*k - l. Is j a prime number?
True
Let z be 45*(-2 - 62/5). Let w be (-50)/15*z/15. Suppose 5*v - 1191 = 3*c, -v + 87 = 3*c - w. Is v a composite number?
True
Suppose 5*c + 4*u - 43109 = 0, 0 = -0*c + 4*c + 5*u - 34480. Suppose -2*k = -c + 883. Let d = -1652 + k. Is d composite?
True
Let j be (-2 + -4)/(4/(-4)). Let g(f) = 70*f**2 + 54*f - 11. Is g(j) prime?
True
Let g = 1218769 + -860867. Is g composite?
True
Let g(f) = -138*f**3 - f**2 - f. Let i be g(2). Let n = i - -751. Let r = 688 + n. Is r prime?
False
Suppose -6*b + 15*b = 63. Suppose b*x - 11964 = 22595. Is x prime?
True
Let u = 57 + -113. Let i be (-3*1/4)/(14/u). Suppose i*r - 5*x - 1502 = 0, -4*r + 2*r = -3*x - 1001. Is r a prime number?
True
Let q = 1906 + -2827. Let b = q + 2492. Is b a prime number?
True
Suppose 5*i + 8555 = -64510. Let j = i - -41852. Is j prime?
True
Is -5 + 10 - (-3 + -6082203) composite?
False
Let l = 1055 + -540. Suppose -l = -3*v + 364. Is v prime?
True
Let a = -32874 - -58145. Is a a prime number?
False
Is (3*26/(-117))/(8/(-373236)) a prime number?
False
Suppose 1376*y - 1371*y - 246710 = 0. Is y a prime number?
False
Let d(i) be the third derivative of 5/6*i**3 - 1/12*i**5 - 11*i**2 + 0 + 0*i - 5/12*i**4 - 1/60*i**6. Is d(-6) a composite number?
False
Let x = 155560 - -65161. Is x prime?
True
Suppose 4*s - 4*u = -5*u + 24383, 0 = 2*s - 4*u - 12196. Let v = s + -3323. Is v a prime number?
False
Let z = 88 + -25. Let g be 29/(-7) + 9/z - -7. Suppose -3*s - 1548 = -g*c, s = -3*c + 5*c - 1035. Is c a prime number?
False
Let c = 109 + -111. Is 1*(c + 0 + 2469) a composite number?
False
Suppose 16*b - 18 = 12*b - q, 0 = 3*b - 4*q - 4. Suppose -x + 4699 = -3*m, b*m = -x - 2*x + 14149. Is x composite?
True
Suppose -868*x - 20 = -870*x. Let i(u) = 66*u**2 + 2*u - 1. Is i(x) a composite number?
False
Is 10/(159 + -9) - (-572504)/15 prime?
True
Suppose -13 = -q - 4. Let p = 2 - q. Let l(v) = -144*v - 10. Is l(p) a composite number?
True
Let w be (22 + -18)*(-2)/4. Is (w - 3/(-2))*-20854 a prime number?
True
Let j = -568 - -573. Suppose 6*k + 25975 = 11*k - j*n, 4*k + 3*n = 20752. Is k a composite number?
True
Let g = 299 - 282. Suppose -g*n + 286038 - 64579 = 0. Is n a prime number?
False
Let d(j) = 13550*j + 877. Is d(21) a composite number?
True
Let p = -47410 - -146637. Is p prime?
False
Is (220/880)/(1/1795076) composite?
False
Let h = -70 + 74. Suppose h*r + 0*r + 193 = -3*n, 3*r - n = -148. Let v = 322 - r. Is v a composite number?
True
Let o be (-8)/(-28) - 201420/(-42). Suppose 5*z - 7980 = 5*a, 2*a + o = 3*z + a. Let p = z - 201. Is p composite?
False
Let s be (1 - -7) + (3 - (-5)/(-1)). Suppose t - s*t + 4205 = 0. Is (-1 - -2)*(t - (3 - 0)) composite?
True
Let x = -167 - -169. Suppose -2*s + 563 - 195 = -3*k, x*s - 366 = 4*k. Is s composite?
True
Suppose 3*c = 4*d + 3372, 0 = 2*c - 0 + 8. Let v = 1219 + d. Is v composite?
False
Let p(a) = -6*a**2 - 16 - a**3 + 2*a**3 - 3*a + 6*a. Let r be p(6). Suppose -2*t - 195 = -x, 3*t - 754 = -4*x - r*t. Is x a prime number?
True
Let z(k) = k**3 - 7*k**2 + 2. Let x be z(7). Suppose -x*b - 5*i = -20061 + 6830, 2*b +